{"id":2065,"date":"2026-02-06T10:10:13","date_gmt":"2026-02-06T09:10:13","guid":{"rendered":"https:\/\/www.rss-hennef.de\/?page_id=2065"},"modified":"2026-02-06T10:10:13","modified_gmt":"2026-02-06T09:10:13","slug":"unterricht","status":"publish","type":"page","link":"https:\/\/www.rss-hennef.de\/?page_id=2065","title":{"rendered":"Unterricht"},"content":{"rendered":"\n<p>An der Richard-Schirrmann-Schule unterrichten wir Sch\u00fcler*innen der Primarstufe in den Klassen 1-4 im Bildungsgang der Grundschule sowie im zieldifferenten &nbsp;Bildungsgang Lernen. Grunds\u00e4tzlich gilt die Ausbildungsordnung sonderp\u00e4dagogische F\u00f6rderung (gem\u00e4\u00df \u00a752 SchulG \u2013 AO-SF).<\/p>\n\n\n\n<p>Ziel unserer Bildungs- und Erziehungsangebote ist die wirkungsvolle F\u00f6rderung der Emotionalen und sozialen Entwicklung, ein angemessenes Lern- und Arbeitsverhalten und die Stabilisierung des fachlichen Wissens, um einen schnellen und erfolgreichen \u00dcbergang an die Allgemeine Schule zu erm\u00f6glichen.<\/p>\n\n\n\n<p>Wir schaffen eine individualisierte und differenzierte Lernumgebung. Der Unterricht zielt gleicherma\u00dfen auf eine kognitive Aktivierung sowie die St\u00e4rkung des Selbstbewusstseins und der Selbstwirksamkeit. Unsere Sch\u00fcler*innen erhalten die M\u00f6glichkeit, mit unterschiedlichen Sinnen handelnd ihrer Umwelt zu begegnen.<\/p>\n\n\n\n<p>In den Klassen lernen zwischen 8 und 12 Sch\u00fcler*innen. Kriterien f\u00fcr die Einordnung in eine Lerngruppe sind Alter, Leistungsstand und Art des Unterst\u00fctzungsbedarfs. Oft entstehen dadurch jahrgangs\u00fcbergreifende Lerngruppen, in denen die Sch\u00fcler*innen gem\u00e4\u00df ihrem Entwicklungs- und Leistungsstand individuell gef\u00f6rdert werden.<\/p>\n\n\n\n<p>Der Klassenunterricht wird m\u00f6glichst von Lehrerteams durchgef\u00fchrt, teilweise unterst\u00fctzt durch die MPT-Kraft, Schulsozialarbeit oder Bundesfreiwilligendienstleistende (Bufdi).<\/p>\n\n\n\n<p>Weitere \u00e4u\u00dfere Differenzierungsma\u00dfnahmen sind Angebote in Kleingruppen und Einzelf\u00f6rderung.<\/p>\n\n\n\n<p>Je nach personeller Ressource hat jede Klasse ca. 6 \u2013 12 Stunden pro Woche in Doppelbesetzung, also mit einer zweiten Lehrkraft.<\/p>\n\n\n\n<p>In der Kernunterrichtszeit (Mo-Fr, 1.-4. Stunde) hilft eine transparente und rhytmisierte Tagesorganisation sowie ein professionelles Classroom-Management den Sch\u00fcler*innen dabei, ein angemessenes Lern- und Arbeitsverhalten zu entwickeln. Dabei werden, angepasst an das Leistungsverm\u00f6gen der Sch\u00fcler*innen, immer wieder offene Arbeitsformen eingef\u00fchrt und angeleitet, mit dem Ziel des selbstorganisierten Lernens.<\/p>\n\n\n\n<p>Neben den Kulturtechniken Lesen, Schreiben und Rechnen, legen wir gro\u00dfen Wert auf sportliche und musisch-kreative Angebote. Diese werden im Rahmen der Richtlinien in der Kernunterrichtszeit unterrichtet sowie zus\u00e4tzlich in klassen\u00fcbergreifenden Arbeitsgemeinschaften in den Randstunden angeboten.<\/p>\n\n\n\n<p>Ebenfalls fest verankert im Unterricht der Richard-Schirrmann-Schule sind Unterrichtsg\u00e4nge zu au\u00dferschulischen Lernorten sowie Klassenfahrten, in Entfernung und Dauer an das Alter und die F\u00e4higkeiten der Sch\u00fcler*innen angepasst.<\/p>\n","protected":false},"excerpt":{"rendered":"<p>An der Richard-Schirrmann-Schule unterrichten wir Sch\u00fcler*innen der Primarstufe in den Klassen 1-4 im Bildungsgang der Grundschule sowie im zieldifferenten &nbsp;Bildungsgang &hellip; <\/p>\n","protected":false},"author":3,"featured_media":0,"parent":0,"menu_order":0,"comment_status":"closed","ping_status":"closed","template":"","meta":{"footnotes":""},"class_list":["post-2065","page","type-page","status-publish","hentry","latest_post"],"_links":{"self":[{"href":"https:\/\/www.rss-hennef.de\/index.php?rest_route=\/wp\/v2\/pages\/2065","targetHints":{"allow":["GET"]}}],"collection":[{"href":"https:\/\/www.rss-hennef.de\/index.php?rest_route=\/wp\/v2\/pages"}],"about":[{"href":"https:\/\/www.rss-hennef.de\/index.php?rest_route=\/wp\/v2\/types\/page"}],"author":[{"embeddable":true,"href":"https:\/\/www.rss-hennef.de\/index.php?rest_route=\/wp\/v2\/users\/3"}],"replies":[{"embeddable":true,"href":"https:\/\/www.rss-hennef.de\/index.php?rest_route=%2Fwp%2Fv2%2Fcomments&post=2065"}],"version-history":[{"count":1,"href":"https:\/\/www.rss-hennef.de\/index.php?rest_route=\/wp\/v2\/pages\/2065\/revisions"}],"predecessor-version":[{"id":2066,"href":"https:\/\/www.rss-hennef.de\/index.php?rest_route=\/wp\/v2\/pages\/2065\/revisions\/2066"}],"wp:attachment":[{"href":"https:\/\/www.rss-hennef.de\/index.php?rest_route=%2Fwp%2Fv2%2Fmedia&parent=2065"}],"curies":[{"name":"wp","href":"https:\/\/api.w.org\/{rel}","templated":true}]}}